r of 440 and 55?
55
Calculate the greatest common divisor of 301 and 3053.
43
Calculate the highest common divisor of 2067 and 39.
39
Calculate the greatest common factor of 1544 and 2509.
193
Calculate the greatest common divisor of 88 and 594.
22
Calculate the greatest common factor of 66 and 336.
6
Calculate the greatest common factor of 8 and 428.
4
Calculate the greatest common factor of 3 and 219.
3
What is the highest common divisor of 187 and 704?
11
Calculate the greatest common factor of 216 and 1998.
54
What is the greatest common factor of 42 and 114?
6
What is the highest common divisor of 3 and 120?
3
What is the highest common factor of 23 and 667?
23
Calculate the greatest common divisor of 60 and 450.
30
What is the greatest common factor of 16 and 1328?
16
Calculate the highest common divisor of 36 and 48.
12
Calculate the highest common divisor of 4120 and 40.
40
What is the highest common divisor of 72 and 216?
72
What is the highest common factor of 1800 and 420?
60
Calculate the greatest common factor of 4 and 692.
4
What is the greatest common divisor of 5549 and 537?
179
Calculate the greatest common factor of 456 and 57.
57
What is the greatest common factor of 11 and 7?
1
What is the highest common divisor of 13 and 611?
13
Calculate the highest common factor of 16 and 24.
8
What is the highest common divisor of 26 and 39?
13
What is the highest common divisor of 3519 and 276?
69
What is the greatest common divisor of 1428 and 60?
12
Calculate the highest common factor of 1 and 47.
1
What is the highest common factor of 15 and 585?
15
What is the greatest common divisor of 518 and 112?
14
What is the highest common factor of 69 and 33?
3
Calculate the highest common factor of 18 and 15.
3
What is the greatest common divisor of 868 and 372?
124
Calculate the greatest common divisor of 4 and 862.
2
Calculate the highest common factor of 624 and 672.
48
Calculate the greatest common divisor of 570 and 5.
5
What is the greatest common divisor of 495 and 11?
11
Calculate the greatest common factor of 48 and 1296.
48
What is the greatest common divisor of 42 and 938?
14
Calculate the greatest common factor of 464 and 784.
16
What is the greatest common divisor of 204 and 476?
68
Calculate the highest common divisor of 940 and 564.
188
Calculate the greatest common factor of 1 and 8.
1
Calculate the greatest common factor of 64 and 208.
16
What is the highest common divisor of 84 and 64806?
42
Calculate the highest common factor of 9163 and 68.
17
Calculate the greatest common factor of 30608 and 16.
16
Calculate the highest common divisor of 20 and 20.
20
Calculate the greatest common factor of 52 and 288.
4
What is the greatest common factor of 735 and 630?
105
What is the highest common divisor of 2565 and 7410?
285
What is the greatest common factor of 783 and 54?
27
Calculate the greatest common divisor of 197 and 11032.
197
Calculate the greatest common divisor of 8 and 444.
4
What is the highest common divisor of 2 and 11?
1
Calculate the greatest common divisor of 13 and 403.
13
What is the greatest common divisor of 104 and 152?
8
What is the highest common factor of 8822 and 22?
22
What is the greatest common divisor of 9 and 69?
3
Calculate the highest common divisor of 62 and 5146.
62
What is the highest common divisor of 162 and 138?
6
What is the greatest common factor of 490 and 294?
98
What is the greatest common factor of 55 and 319?
11
What is the greatest common divisor of 2116 and 230?
46
What is the highest common divisor of 70 and 8560?
10
Calculate the greatest common factor of 1099 and 314.
157
What is the highest common factor of 143 and 1144?
143
Calculate the highest common divisor of 2021 and 215.
43
Calculate the greatest common divisor of 5 and 3.
1
What is the greatest common factor of 1113 and 21?
21
Calculate the greatest common factor of 648 and 72.
72
What is the highest common divisor of 56 and 104?
8
What is the highest common divisor of 11096 and 456?
152
What is the greatest common factor of 390 and 2160?
30
Calculate the highest common divisor of 66 and 5522.
22
Calculate the greatest common divisor of 992 and 62.
62
Calculate the highest common divisor of 7398 and 36.
18
What is the greatest common factor of 330 and 66?
66
Calculate the highest common divisor of 8 and 136.
8
What is the highest common factor of 119 and 63?
7
What is the greatest common factor of 63 and 16884?
63
Calculate the greatest common divisor of 30 and 12135.
15
Calculate the greatest common factor of 184 and 376.
8
Calculate the highest common factor of 72 and 63.
9
What is the highest common divisor of 1541 and 322?
23
What is the highest common divisor of 32 and 240?
16
Calculate the greatest common divisor of 2 and 10.
2
What is the greatest common divisor of 12 and 14724?
12
What is the greatest common divisor of 506 and 22?
22
Calculate the greatest common divisor of 341 and 902.
11
Calculate the highest common divisor of 18 and 99.
9
Calculate the greatest common divisor of 14 and 238.
14
What is the highest common factor of 14 and 2709?
7
What is the highest common factor of 36 and 4734?
18
What is the highest common factor of 6 and 1302?
6
What is the greatest common divisor of 7493 and 295?
59
What is the highest common factor of 150 and 97050?
150
Calculate the highest common divisor of 6 and 22.
2
Calculate the greatest common factor of 231 and 1969.
11
What is the greatest common factor of 2 and 5?
1
What is the highest common divisor of 47 and 4183?
47
Calculate the greatest common divisor of 9054 and 54.
18
Calculate the greatest common factor of 385 and 1295.
35
Calculate the highest common factor of 494 and 114.
38
What is the greatest common factor of 75 and 2745?
15
What is the highest common factor of 100 and 9750?
50
Calculate the greatest common divisor of 1164 and 24.
12
Calculate the highest common factor of 196 and 147.
49
What is the greatest common divisor of 46 and 36?
2
What is the highest common factor of 140 and 2688?
28
Calculate the greatest common factor of 27 and 147.
3
What is the highest common factor of 2136 and 6141?
267
What is the highest common divisor of 9 and 549?
9
Calculate the highest common divisor of 210 and 504.
42
What is the highest common factor of 10 and 19830?
10
Calculate the highest common divisor of 36 and 972.
36
Calculate the greatest common divisor of 12 and 4197.
3
What is the greatest common divisor of 15 and 10245?
15
Calculate the greatest common factor of 192 and 7360.
64
Calculate the greatest common factor of 1200 and 912.
48
What is the highest common divisor of 124 and 3100?
124
What is the greatest common divisor of 21 and 329?
7
Calculate the highest common divisor of 256 and 164.
4
Calculate the greatest common factor of 73 and 2336.
73
What is the highest common factor of 2380 and 700?
140
What is the greatest common factor of 35 and 4830?
35
What is the highest common divisor of 180 and 54?
18
What is the highest common divisor of 1900 and 11020?
380
What is the highest common factor of 868 and 28?
28
Calculate the highest common divisor of 15 and 160.
5
Calculate the greatest common divisor of 1964 and 4.
4
What is the highest common factor of 800 and 32?
32
What is the greatest common factor of 9 and 93?
3
Calculate the greatest common divisor of 52 and 1170.
26
Calculate the highest common divisor of 217 and 7.
7
What is the greatest common factor of 232 and 64?
8
What is the greatest common factor of 290 and 20?
10
Calculate the greatest common factor of 3290 and 140.
70
What is the greatest common divisor of 23 and 1679?
23
What is the highest common divisor of 280 and 360?
40
What is the greatest common divisor of 1085 and 16492?
217
What is the highest common factor of 154 and 3318?
14
Calculate the highest common divisor of 56 and 32.
8
Calculate the highest common divisor of 36 and 462.
6
Calculate the highest common factor of 44 and 55.
11
Calculate the highest common factor of 3267 and 1188.
297
What is the highest common divisor of 66 and 4642?
22
Calculate the highest common divisor of 370 and 148.
74
What is the greatest common factor of 136 and 153?
17
What is the greatest common factor of 260 and 208?
52
Calculate th